471079?
False
Is 5598733 a multiple of 685?
False
Does 24 divide 84685536?
True
Does 2766 divide 250773858?
True
Is 80 a factor of 13888656?
False
Is 437431742 a multiple of 22?
True
Does 385 divide 2054903693?
False
Is 61 a factor of 654417140?
False
Is 38698401 a multiple of 112?
False
Is 98 a factor of 79454735?
False
Is 4377382346 a multiple of 8865?
False
Is 2 a factor of 476730?
True
Does 20 divide 240717000?
True
Is 4 a factor of 23217443?
False
Does 30 divide 477604200?
True
Does 21 divide 3229332728?
False
Is 27660320 a multiple of 80?
True
Does 334 divide 624149474?
True
Is 951822497 a multiple of 878?
False
Does 7 divide 504408058?
True
Does 21 divide 204808246?
False
Is 18 a factor of 564242836?
False
Is 21933617 a multiple of 69?
False
Does 36 divide 3061188?
True
Does 6 divide 13508352?
True
Does 19 divide 54578393?
True
Is 21 a factor of 27693036?
True
Is 50336582 a multiple of 32?
False
Is 19 a factor of 2906140630?
True
Is 34107774 a multiple of 38?
True
Is 160857751 a multiple of 359?
False
Is 86564640 a multiple of 120?
True
Does 4051 divide 1854133935?
False
Is 17 a factor of 4106538580?
False
Is 12 a factor of 72391344?
True
Is 4723411552 a multiple of 9052?
False
Is 267359079 a multiple of 39?
True
Does 36 divide 2574459489?
False
Does 2974 divide 2988754014?
True
Is 67 a factor of 18360613?
True
Does 3302 divide 1081747285?
False
Does 54 divide 3043149?
False
Is 18759815 a multiple of 45?
False
Is 43568721 a multiple of 37?
True
Is 2402520 a multiple of 3?
True
Is 178843005 a multiple of 65?
False
Does 257 divide 122628248?
False
Is 127 a factor of 878661184?
True
Is 4669032 a multiple of 832?
False
Is 4606179 a multiple of 3?
True
Is 2081260296 a multiple of 12?
True
Is 4503991 a multiple of 85?
False
Is 24520753 a multiple of 81?
False
Is 4 a factor of 19465036?
True
Does 5697 divide 6064131771?
True
Is 6132 a factor of 2553092019?
False
Is 38050703 a multiple of 15?
False
Does 48 divide 10888224?
True
Does 32 divide 591142880?
True
Does 24 divide 8582880?
True
Is 17 a factor of 51751?
False
Is 382176732 a multiple of 348?
True
Is 2006498482 a multiple of 636?
False
Is 11 a factor of 1670895688?
True
Is 87 a factor of 984961974?
True
Is 35647675 a multiple of 436?
False
Is 4 a factor of 14044380?
True
Does 220 divide 37531494?
False
Is 64683684 a multiple of 7?
False
Is 11212537 a multiple of 1597?
True
Is 242 a factor of 7374708?
True
Does 26 divide 39687960?
True
Is 21156038 a multiple of 6?
False
Does 232 divide 2890411208?
True
Does 477 divide 292002702?
False
Does 35 divide 19535285?
True
Is 107 a factor of 1400797669?
True
Is 1235805088 a multiple of 161?
True
Does 1705 divide 386925300?
False
Is 2765448 a multiple of 177?
True
Does 37 divide 1529469?
True
Is 102 a factor of 20186310?
True
Does 111 divide 51937920?
False
Is 271 a factor of 83213244?
False
Is 1363362 a multiple of 142?
False
Is 169056076 a multiple of 6454?
True
Does 418 divide 968149028?
True
Does 3 divide 3026701?
False
Does 97 divide 82449852?
False
Does 238 divide 728476350?
True
Is 57650403 a multiple of 10?
False
Does 65 divide 28857460?
False
Is 48 a factor of 20677540?
False
Is 83403540 a multiple of 990?
True
Does 22 divide 145528060?
False
Is 5 a factor of 1444544?
False
Is 202 a factor of 82366914?
True
Is 36 a factor of 3931586?
False
Is 3903920019 a multiple of 14697?
True
Is 337679714 a multiple of 565?
False
Does 39 divide 468897?
True
Does 671 divide 1286790791?
True
Is 19513350 a multiple of 309?
True
Is 35256480 a multiple of 12?
True
Is 7398735 a multiple of 666?
False
Does 15 divide 158149665?
True
Does 9538 divide 926702542?
True
Is 409 a factor of 28491349?
True
Is 2852 a factor of 1002808305?
False
Is 13412529 a multiple of 13?
True
Is 356 a factor of 9866896?
True
Does 95 divide 103765460?
True
Does 6976 divide 345064262?
False
Is 80565015 a multiple of 7?
False
Is 3 a factor of 15805391?
False
Is 399719199 a multiple of 33?
True
Is 608491811 a multiple of 548?
False
Does 14 divide 352591137?
False
Does 14 divide 29631913?
False
Is 19644898 a multiple of 598?
True
Is 6 a factor of 77365907?
False
Is 137183370 a multiple of 186?
True
Does 3230 divide 111628800?
True
Is 49 a factor of 26684371?
True
Is 129868613 a multiple of 623?
False
Does 101 divide 376860687?
False
Is 35 a factor of 3912545?
True
Does 6 divide 36738630?
True
Is 8002484471 a multiple of 16345?
False
Does 16 divide 537072?
True
Does 29 divide 297679796?
False
Does 2 divide 2411456?
True
Does 22 divide 675772367?
False
Is 13 a factor of 3145578433?
False
Is 2648187280 a multiple of 20?
True
Does 1321 divide 46871140?
False
Is 91 a factor of 5525611?
True
Is 24 a factor of 127446903?
False
Is 239 a factor of 432492966?
True
Does 46 divide 18529122?
True
Is 29453144 a multiple of 38?
False
Is 71 a factor of 135905159?
False
Does 150 divide 40844743?
False
Is 30424274 a multiple of 75?
False
Does 13 divide 25937114?
False
Does 33 divide 785934667?
False
Does 7343 divide 911492538?
False
Is 21215937 a multiple of 26?
False
Is 105 a factor of 278290845?
True
Is 192 a factor of 364354368?
True
Does 89 divide 70684069?
False
Is 2339617535 a multiple of 19?
True
Is 32688552 a multiple of 442?
True
Is 10 a factor of 50652653?
False
Does 60 divide 20376100?
False
Does 1614 divide 512509560?
True
Is 4683117 a multiple of 3?
True
Does 110 divide 30530245?
False
Is 318895971 a multiple of 12?
False
Does 9 divide 1034006076?
True
Does 247 divide 114401104?
False
Does 135 divide 121842985?
False
Is 45 a factor of 66494103?
False
Is 3673054136 a multiple of 47?
True
Is 21707987 a multiple of 5?
False
Is 61414316 a multiple of 5?
False
Is 57681888 a multiple of 16?
True
Does 1034 divide 28910640?
True
Is 1165963 a multiple of 1013?
True
Is 75 a factor of 61345515?
False
Is 1316139 a multiple of 8?
False
Is 13006378 a multiple of 6?
False
Is 3498149565 a multiple of 179?
True
Is 511 a factor of 1368106943?
True
Does 276 divide 283728161?
False
Is 14 a factor of 2123291618?
True
Does 8 divide 45294688?
True
Is 43267125 a multiple of 125?
True
Is 97 a factor of 8551767149?
False
Is 1108390772 a multiple of 1489?
False
Is 33 a factor of 14493435?
True
Is 1366393405 a multiple of 2762?
False
Is 3624513 a multiple of 129?
True
Is 10 a factor of 208632060?
True
Does 205 divide 1734465453?
False
Is 7750 a factor of 789260916?
False
Does 5 divide 1624603?
False
Is 843 a factor of 37227392?
False
Is 558800641 a multiple of 60?
False
Does 5 divide 9912395?
True
Is 305643793 a multiple of 2?
False
Is 58 a factor of 3126200?
True
Is 1923919 a multiple of 631?
True
Is 117 a factor of 114837321?
False
Does 4 divide 567316?
True
Is 41602891 a multiple of 8?
False
Is 32869949 a multiple of 259?
True
Does 18 divide 2845029098?
False
Is 1988 a factor of 40784841?
False
Is 151 a factor of 610403759?
True
Is 3 a factor of 85534911?
True
Does 156 divide 99063744?
True
Is 1081 a factor of 29377453?
False
Is 39190513 a multiple of 47?
False
Is 21 a factor of 4001704639?
False
Is 361196497 a multiple of 281?
False
Is 46948491 a multiple of 166?
False
Is 1645024 a multiple of 6?
False
Is 37084527 a multiple of 24?
False
Is 3093 a factor of 224747904?
False
Is 194138444 a multiple of 82?
True
Is 13 a factor of 90366307?
False
Does 2 divide 17023171?
False
Does 2523 divide 2297440581?
False
Does 6 divide 10256646?
True
Does 6438 divide 1130659569?
False
Is 15 a factor of 2173436513?
False
Does 147 divide 30527784?
True
Is 2706 a factor of 734570760?
True
Is 5427 a factor of 143994591?
True
Is 84013589 a multiple of 235?
False
Does 3187 divide 84398316?
False
Does 4 divide 13542372?
True
Is 4911 a factor of 217252818?
True
Is 183003359 a multiple of 665?
False
Does 76 divide 21872267?
False
Does 6 divide 51487742?
False
Does 982 divide 1053041960?
False
Is 494060047 a multiple of 758?
False
Is 186340 a multiple of 220?
True
Is 23 a factor of 10137158?
True
Does 11 divide 988033739?
True
Is 76301100 a multiple of 12?
True
Does 44 divide 461895189?
False
Does 1626 divide 636744570?
False
Is 1107782658 a multiple of 86?
False
Does 696 divide 21940008?
True
Is 727 a factor of 1621210?
True
Is 223 a factor of 497358?
False
Does 210 divide 1069530?
True
Does 9 divide 2658366?
True
Is 59310804 a multiple 